{"id":53,"date":"2021-06-06T19:39:56","date_gmt":"2021-06-06T17:39:56","guid":{"rendered":"http:\/\/moncoachminceur.fr\/?page_id=53"},"modified":"2021-06-19T13:54:11","modified_gmt":"2021-06-19T11:54:11","slug":"accueil","status":"publish","type":"page","link":"https:\/\/moncoachminceur.fr\/","title":{"rendered":"Accueil"},"content":{"rendered":"\n<div class=\"wp-block-cover has-parallax\" style=\"background-image:url(http:\/\/moncoachminceur.fr\/wp-content\/uploads\/2021\/06\/other-small.jpg)\"><div class=\"wp-block-cover__inner-container\">\n<p class=\"has-black-color has-text-color\"><em>Vous cherchez \u00e0 retrouver un corps qui vous permette de vous sentir bien et \u00e9panoui ? Mincir durablement ? Sans privations excessives, sans efforts d\u00e9mesur\u00e9s et hors de port\u00e9e, sans objectifs inatteignables ? <\/em><\/p>\n\n\n\n<p class=\"has-drop-cap has-black-color has-text-color\">Je suis Alizea et je peux vous aider \u00e0 trouver cet \u00e9quilibre alliant bien-\u00eatre, sant\u00e9, esth\u00e9tique.<\/p>\n\n\n\n<p><\/p>\n\n\n\n<p class=\"has-text-align-center has-white-color has-text-color has-large-font-size\"><p class=\"has-text-align-center has-large-font-size\">Bienvenue dans la boutique<\/p><\/p>\n\n\n\n<p class=\"has-text-align-center has-white-color has-text-color\"><p class=\"has-text-color has-text-align-center\">R\u00e9diger un bref message de bienvenue ici<\/p><\/p>\n\n\n\n<div class=\"wp-block-button aligncenter\"><a class=\"wp-block-button__link\" href=\"http:\/\/moncoachminceur.fr\/?page_id=6\">Faire des achats<\/a><\/div>\n<\/div><\/div>\n\n\n\n<h2 class=\"has-text-align-center\">Achat par cat\u00e9gorie<\/h2>\n\n\n<div class=\"woocommerce columns-4\"><ul class=\"products columns-4\">\n<li class=\"product-category product first\">\n\t<a href=\"https:\/\/moncoachminceur.fr\/?product_cat=coaching-a-distance\"><img src=\"https:\/\/moncoachminceur.fr\/wp-content\/uploads\/2021\/06\/coaching-minceur-a-distance-324x324.jpg\" alt=\"Coaching \u00e0 distance\" width=\"300\" height=\"300\" srcset=\"https:\/\/moncoachminceur.fr\/wp-content\/uploads\/2021\/06\/coaching-minceur-a-distance-324x324.jpg 324w, https:\/\/moncoachminceur.fr\/wp-content\/uploads\/2021\/06\/coaching-minceur-a-distance-150x150.jpg 150w, https:\/\/moncoachminceur.fr\/wp-content\/uploads\/2021\/06\/coaching-minceur-a-distance-100x100.jpg 100w, https:\/\/moncoachminceur.fr\/wp-content\/uploads\/2021\/06\/coaching-minceur-a-distance-250x250.jpg 250w\" sizes=\"(max-width: 300px) 100vw, 300px\" \/>\t\t<h2 class=\"woocommerce-loop-category__title\">\n\t\t\tCoaching \u00e0 distance <mark class=\"count\">(1)<\/mark>\t\t<\/h2>\n\t\t<\/a><\/li>\n<li class=\"product-category product\">\n\t<a href=\"https:\/\/moncoachminceur.fr\/?product_cat=coaching-personnalise\"><img src=\"https:\/\/moncoachminceur.fr\/wp-content\/uploads\/2021\/06\/privuchki-324x324.jpg\" alt=\"Coaching personnalis\u00e9\" width=\"300\" height=\"300\" srcset=\"https:\/\/moncoachminceur.fr\/wp-content\/uploads\/2021\/06\/privuchki-324x324.jpg 324w, https:\/\/moncoachminceur.fr\/wp-content\/uploads\/2021\/06\/privuchki-150x150.jpg 150w, https:\/\/moncoachminceur.fr\/wp-content\/uploads\/2021\/06\/privuchki-100x100.jpg 100w, https:\/\/moncoachminceur.fr\/wp-content\/uploads\/2021\/06\/privuchki-250x250.jpg 250w\" sizes=\"(max-width: 300px) 100vw, 300px\" \/>\t\t<h2 class=\"woocommerce-loop-category__title\">\n\t\t\tCoaching personnalis\u00e9 <mark class=\"count\">(3)<\/mark>\t\t<\/h2>\n\t\t<\/a><\/li>\n<\/ul>\n<\/div>\n\n\n\n<h2 class=\"has-text-align-center\">Nouveaut\u00e9s<\/h2>\n\n\n<div class=\"wc-block-grid wp-block-product-new wc-block-product-new has-4-columns has-multiple-rows\"><ul class=\"wc-block-grid__products\"><li class=\"wc-block-grid__product\">\n\t\t\t\t<a href=\"https:\/\/moncoachminceur.fr\/?product=coaching-personnalise-formule-standard\" class=\"wc-block-grid__product-link\">\n\t\t\t\t\t<div class=\"wc-block-grid__product-image\"><img width=\"300\" height=\"300\" src=\"https:\/\/moncoachminceur.fr\/wp-content\/uploads\/2021\/06\/fitness-2498656_1920-324x324.jpg\" class=\"attachment-woocommerce_thumbnail size-woocommerce_thumbnail\" alt=\"mon coach minceur alizea coaching minceur alimentation saine fitness phtytoth\u00e9rapie\" loading=\"lazy\" srcset=\"https:\/\/moncoachminceur.fr\/wp-content\/uploads\/2021\/06\/fitness-2498656_1920-324x324.jpg 324w, https:\/\/moncoachminceur.fr\/wp-content\/uploads\/2021\/06\/fitness-2498656_1920-150x150.jpg 150w, https:\/\/moncoachminceur.fr\/wp-content\/uploads\/2021\/06\/fitness-2498656_1920-100x100.jpg 100w, https:\/\/moncoachminceur.fr\/wp-content\/uploads\/2021\/06\/fitness-2498656_1920-250x250.jpg 250w\" sizes=\"(max-width: 300px) 100vw, 300px\" \/><\/div>\n\t\t\t\t\t<div class=\"wc-block-grid__product-title\">Coaching  personnalis\u00e9 &#8211; Formule standard<\/div>\n\t\t\t\t<\/a>\n\t\t\t\t\n\t\t\t\t<div class=\"wc-block-grid__product-price price\"><span class=\"woocommerce-Price-amount amount\">80,00<span class=\"woocommerce-Price-currencySymbol\">&euro;<\/span><\/span><\/div>\n\t\t\t\t\n\t\t\t\t<div class=\"wp-block-button wc-block-grid__product-add-to-cart\"><a href=\"?add-to-cart=75\" aria-label=\"Add &ldquo;Coaching  personnalis\u00e9 - Formule standard&rdquo; to your cart\" data-quantity=\"1\" data-product_id=\"75\" data-product_sku=\"woo-long-sleeve-tee-1-1-1\" rel=\"nofollow\" class=\"wp-block-button__link add_to_cart_button ajax_add_to_cart\">Add to cart<\/a><\/div>\n\t\t\t<\/li><li class=\"wc-block-grid__product\">\n\t\t\t\t<a href=\"https:\/\/moncoachminceur.fr\/?product=coaching-personnalise-formule-premium-2\" class=\"wc-block-grid__product-link\">\n\t\t\t\t\t<div class=\"wc-block-grid__product-image\"><img width=\"300\" height=\"300\" src=\"https:\/\/moncoachminceur.fr\/wp-content\/uploads\/2021\/06\/tour-de-taille-324x324.jpeg\" class=\"attachment-woocommerce_thumbnail size-woocommerce_thumbnail\" alt=\"mon coach minceur alizea coaching minceur alimentation saine fitness phtytoth\u00e9rapie\" loading=\"lazy\" srcset=\"https:\/\/moncoachminceur.fr\/wp-content\/uploads\/2021\/06\/tour-de-taille-324x324.jpeg 324w, https:\/\/moncoachminceur.fr\/wp-content\/uploads\/2021\/06\/tour-de-taille-150x150.jpeg 150w, https:\/\/moncoachminceur.fr\/wp-content\/uploads\/2021\/06\/tour-de-taille-100x100.jpeg 100w, https:\/\/moncoachminceur.fr\/wp-content\/uploads\/2021\/06\/tour-de-taille-250x250.jpeg 250w\" sizes=\"(max-width: 300px) 100vw, 300px\" \/><\/div>\n\t\t\t\t\t<div class=\"wc-block-grid__product-title\">Coaching  personnalis\u00e9 &#8211; Formule premium<\/div>\n\t\t\t\t<\/a>\n\t\t\t\t\n\t\t\t\t<div class=\"wc-block-grid__product-price price\"><span class=\"woocommerce-Price-amount amount\">110,00<span class=\"woocommerce-Price-currencySymbol\">&euro;<\/span><\/span><\/div>\n\t\t\t\t\n\t\t\t\t<div class=\"wp-block-button wc-block-grid__product-add-to-cart\"><a href=\"?add-to-cart=74\" aria-label=\"Add &ldquo;Coaching  personnalis\u00e9 - Formule premium&rdquo; to your cart\" data-quantity=\"1\" data-product_id=\"74\" data-product_sku=\"woo-long-sleeve-tee-1-1\" rel=\"nofollow\" class=\"wp-block-button__link add_to_cart_button ajax_add_to_cart\">Add to cart<\/a><\/div>\n\t\t\t<\/li><li class=\"wc-block-grid__product\">\n\t\t\t\t<a href=\"https:\/\/moncoachminceur.fr\/?product=coaching-personnalise-formule-premium\" class=\"wc-block-grid__product-link\">\n\t\t\t\t\t<div class=\"wc-block-grid__product-image\"><img width=\"300\" height=\"300\" src=\"https:\/\/moncoachminceur.fr\/wp-content\/uploads\/2021\/06\/slimming-2728331_1920-324x324.jpg\" class=\"attachment-woocommerce_thumbnail size-woocommerce_thumbnail\" alt=\"mon coach minceur alizea coaching minceur alimentation saine fitness phtytoth\u00e9rapie\" loading=\"lazy\" srcset=\"https:\/\/moncoachminceur.fr\/wp-content\/uploads\/2021\/06\/slimming-2728331_1920-324x324.jpg 324w, https:\/\/moncoachminceur.fr\/wp-content\/uploads\/2021\/06\/slimming-2728331_1920-150x150.jpg 150w, https:\/\/moncoachminceur.fr\/wp-content\/uploads\/2021\/06\/slimming-2728331_1920-100x100.jpg 100w, https:\/\/moncoachminceur.fr\/wp-content\/uploads\/2021\/06\/slimming-2728331_1920-250x250.jpg 250w\" sizes=\"(max-width: 300px) 100vw, 300px\" \/><\/div>\n\t\t\t\t\t<div class=\"wc-block-grid__product-title\">Coaching  personnalis\u00e9 &#8211; Formule \u00e9co<\/div>\n\t\t\t\t<\/a>\n\t\t\t\t\n\t\t\t\t<div class=\"wc-block-grid__product-price price\"><span class=\"woocommerce-Price-amount amount\">60,00<span class=\"woocommerce-Price-currencySymbol\">&euro;<\/span><\/span><\/div>\n\t\t\t\t\n\t\t\t\t<div class=\"wp-block-button wc-block-grid__product-add-to-cart\"><a href=\"?add-to-cart=69\" aria-label=\"Add &ldquo;Coaching  personnalis\u00e9 - Formule \u00e9co&rdquo; to your cart\" data-quantity=\"1\" data-product_id=\"69\" data-product_sku=\"woo-long-sleeve-tee-1\" rel=\"nofollow\" class=\"wp-block-button__link add_to_cart_button ajax_add_to_cart\">Add to cart<\/a><\/div>\n\t\t\t<\/li><li class=\"wc-block-grid__product\">\n\t\t\t\t<a href=\"https:\/\/moncoachminceur.fr\/?product=long-sleeve-tee\" class=\"wc-block-grid__product-link\">\n\t\t\t\t\t<div class=\"wc-block-grid__product-image\"><img width=\"300\" height=\"300\" src=\"https:\/\/moncoachminceur.fr\/wp-content\/uploads\/2021\/06\/coaching-minceur-a-distance-324x324.jpg\" class=\"attachment-woocommerce_thumbnail size-woocommerce_thumbnail\" alt=\"mon coach minceur alizea coaching minceur alimentation saine fitness phtytoth\u00e9rapie\" loading=\"lazy\" srcset=\"https:\/\/moncoachminceur.fr\/wp-content\/uploads\/2021\/06\/coaching-minceur-a-distance-324x324.jpg 324w, https:\/\/moncoachminceur.fr\/wp-content\/uploads\/2021\/06\/coaching-minceur-a-distance-150x150.jpg 150w, https:\/\/moncoachminceur.fr\/wp-content\/uploads\/2021\/06\/coaching-minceur-a-distance-100x100.jpg 100w, https:\/\/moncoachminceur.fr\/wp-content\/uploads\/2021\/06\/coaching-minceur-a-distance-250x250.jpg 250w\" sizes=\"(max-width: 300px) 100vw, 300px\" \/><\/div>\n\t\t\t\t\t<div class=\"wc-block-grid__product-title\">Coaching \u00e0 distance personnalis\u00e9<\/div>\n\t\t\t\t<\/a>\n\t\t\t\t<div class=\"wc-block-grid__product-onsale\">\n\t\t\t<span aria-hidden=\"true\">Sale<\/span>\n\t\t\t<span class=\"screen-reader-text\">Product on sale<\/span>\n\t\t<\/div>\n\t\t\t\t<div class=\"wc-block-grid__product-price price\"><del aria-hidden=\"true\"><span class=\"woocommerce-Price-amount amount\">110,00<span class=\"woocommerce-Price-currencySymbol\">&euro;<\/span><\/span><\/del> <ins><span class=\"woocommerce-Price-amount amount\">80,00<span class=\"woocommerce-Price-currencySymbol\">&euro;<\/span><\/span><\/ins><\/div>\n\t\t\t\t\n\t\t\t\t<div class=\"wp-block-button wc-block-grid__product-add-to-cart\"><a href=\"?add-to-cart=20\" aria-label=\"Add &ldquo;Coaching \u00e0 distance personnalis\u00e9&rdquo; to your cart\" data-quantity=\"1\" data-product_id=\"20\" data-product_sku=\"woo-long-sleeve-tee\" rel=\"nofollow\" class=\"wp-block-button__link add_to_cart_button ajax_add_to_cart\">Add to cart<\/a><\/div>\n\t\t\t<\/li><\/ul><\/div>\n\n\n<h2 class=\"has-text-align-center\">En promotion<\/h2>\n\n\n<div class=\"wc-block-grid wp-block-product-on-sale wc-block-product-on-sale has-4-columns has-multiple-rows\"><ul class=\"wc-block-grid__products\"><li class=\"wc-block-grid__product\">\n\t\t\t\t<a href=\"https:\/\/moncoachminceur.fr\/?product=long-sleeve-tee\" class=\"wc-block-grid__product-link\">\n\t\t\t\t\t<div class=\"wc-block-grid__product-image\"><img width=\"300\" height=\"300\" src=\"https:\/\/moncoachminceur.fr\/wp-content\/uploads\/2021\/06\/coaching-minceur-a-distance-324x324.jpg\" class=\"attachment-woocommerce_thumbnail size-woocommerce_thumbnail\" alt=\"mon coach minceur alizea coaching minceur alimentation saine fitness phtytoth\u00e9rapie\" loading=\"lazy\" srcset=\"https:\/\/moncoachminceur.fr\/wp-content\/uploads\/2021\/06\/coaching-minceur-a-distance-324x324.jpg 324w, https:\/\/moncoachminceur.fr\/wp-content\/uploads\/2021\/06\/coaching-minceur-a-distance-150x150.jpg 150w, https:\/\/moncoachminceur.fr\/wp-content\/uploads\/2021\/06\/coaching-minceur-a-distance-100x100.jpg 100w, https:\/\/moncoachminceur.fr\/wp-content\/uploads\/2021\/06\/coaching-minceur-a-distance-250x250.jpg 250w\" sizes=\"(max-width: 300px) 100vw, 300px\" \/><\/div>\n\t\t\t\t\t<div class=\"wc-block-grid__product-title\">Coaching \u00e0 distance personnalis\u00e9<\/div>\n\t\t\t\t<\/a>\n\t\t\t\t<div class=\"wc-block-grid__product-onsale\">\n\t\t\t<span aria-hidden=\"true\">Sale<\/span>\n\t\t\t<span class=\"screen-reader-text\">Product on sale<\/span>\n\t\t<\/div>\n\t\t\t\t<div class=\"wc-block-grid__product-price price\"><del aria-hidden=\"true\"><span class=\"woocommerce-Price-amount amount\">110,00<span class=\"woocommerce-Price-currencySymbol\">&euro;<\/span><\/span><\/del> <ins><span class=\"woocommerce-Price-amount amount\">80,00<span class=\"woocommerce-Price-currencySymbol\">&euro;<\/span><\/span><\/ins><\/div>\n\t\t\t\t\n\t\t\t\t<div class=\"wp-block-button wc-block-grid__product-add-to-cart\"><a href=\"?add-to-cart=20\" aria-label=\"Add &ldquo;Coaching \u00e0 distance personnalis\u00e9&rdquo; to your cart\" data-quantity=\"1\" data-product_id=\"20\" data-product_sku=\"woo-long-sleeve-tee\" rel=\"nofollow\" class=\"wp-block-button__link add_to_cart_button ajax_add_to_cart\">Add to cart<\/a><\/div>\n\t\t\t<\/li><\/ul><\/div>\n\n\n<h2 class=\"has-text-align-center\">Meilleurs produits<\/h2>\n\n\n<div class=\"wc-block-grid wp-block-product-best-sellers wc-block-product-best-sellers has-4-columns has-multiple-rows\"><ul class=\"wc-block-grid__products\"><li class=\"wc-block-grid__product\">\n\t\t\t\t<a href=\"https:\/\/moncoachminceur.fr\/?product=coaching-personnalise-formule-premium\" class=\"wc-block-grid__product-link\">\n\t\t\t\t\t<div class=\"wc-block-grid__product-image\"><img width=\"300\" height=\"300\" src=\"https:\/\/moncoachminceur.fr\/wp-content\/uploads\/2021\/06\/slimming-2728331_1920-324x324.jpg\" class=\"attachment-woocommerce_thumbnail size-woocommerce_thumbnail\" alt=\"mon coach minceur alizea coaching minceur alimentation saine fitness phtytoth\u00e9rapie\" loading=\"lazy\" srcset=\"https:\/\/moncoachminceur.fr\/wp-content\/uploads\/2021\/06\/slimming-2728331_1920-324x324.jpg 324w, https:\/\/moncoachminceur.fr\/wp-content\/uploads\/2021\/06\/slimming-2728331_1920-150x150.jpg 150w, https:\/\/moncoachminceur.fr\/wp-content\/uploads\/2021\/06\/slimming-2728331_1920-100x100.jpg 100w, https:\/\/moncoachminceur.fr\/wp-content\/uploads\/2021\/06\/slimming-2728331_1920-250x250.jpg 250w\" sizes=\"(max-width: 300px) 100vw, 300px\" \/><\/div>\n\t\t\t\t\t<div class=\"wc-block-grid__product-title\">Coaching  personnalis\u00e9 &#8211; Formule \u00e9co<\/div>\n\t\t\t\t<\/a>\n\t\t\t\t\n\t\t\t\t<div class=\"wc-block-grid__product-price price\"><span class=\"woocommerce-Price-amount amount\">60,00<span class=\"woocommerce-Price-currencySymbol\">&euro;<\/span><\/span><\/div>\n\t\t\t\t\n\t\t\t\t<div class=\"wp-block-button wc-block-grid__product-add-to-cart\"><a href=\"?add-to-cart=69\" aria-label=\"Add &ldquo;Coaching  personnalis\u00e9 - Formule \u00e9co&rdquo; to your cart\" data-quantity=\"1\" data-product_id=\"69\" data-product_sku=\"woo-long-sleeve-tee-1\" rel=\"nofollow\" class=\"wp-block-button__link add_to_cart_button ajax_add_to_cart\">Add to cart<\/a><\/div>\n\t\t\t<\/li><li class=\"wc-block-grid__product\">\n\t\t\t\t<a href=\"https:\/\/moncoachminceur.fr\/?product=coaching-personnalise-formule-standard\" class=\"wc-block-grid__product-link\">\n\t\t\t\t\t<div class=\"wc-block-grid__product-image\"><img width=\"300\" height=\"300\" src=\"https:\/\/moncoachminceur.fr\/wp-content\/uploads\/2021\/06\/fitness-2498656_1920-324x324.jpg\" class=\"attachment-woocommerce_thumbnail size-woocommerce_thumbnail\" alt=\"mon coach minceur alizea coaching minceur alimentation saine fitness phtytoth\u00e9rapie\" loading=\"lazy\" srcset=\"https:\/\/moncoachminceur.fr\/wp-content\/uploads\/2021\/06\/fitness-2498656_1920-324x324.jpg 324w, https:\/\/moncoachminceur.fr\/wp-content\/uploads\/2021\/06\/fitness-2498656_1920-150x150.jpg 150w, https:\/\/moncoachminceur.fr\/wp-content\/uploads\/2021\/06\/fitness-2498656_1920-100x100.jpg 100w, https:\/\/moncoachminceur.fr\/wp-content\/uploads\/2021\/06\/fitness-2498656_1920-250x250.jpg 250w\" sizes=\"(max-width: 300px) 100vw, 300px\" \/><\/div>\n\t\t\t\t\t<div class=\"wc-block-grid__product-title\">Coaching  personnalis\u00e9 &#8211; Formule standard<\/div>\n\t\t\t\t<\/a>\n\t\t\t\t\n\t\t\t\t<div class=\"wc-block-grid__product-price price\"><span class=\"woocommerce-Price-amount amount\">80,00<span class=\"woocommerce-Price-currencySymbol\">&euro;<\/span><\/span><\/div>\n\t\t\t\t\n\t\t\t\t<div class=\"wp-block-button wc-block-grid__product-add-to-cart\"><a href=\"?add-to-cart=75\" aria-label=\"Add &ldquo;Coaching  personnalis\u00e9 - Formule standard&rdquo; to your cart\" data-quantity=\"1\" data-product_id=\"75\" data-product_sku=\"woo-long-sleeve-tee-1-1-1\" rel=\"nofollow\" class=\"wp-block-button__link add_to_cart_button ajax_add_to_cart\">Add to cart<\/a><\/div>\n\t\t\t<\/li><li class=\"wc-block-grid__product\">\n\t\t\t\t<a href=\"https:\/\/moncoachminceur.fr\/?product=coaching-personnalise-formule-premium-2\" class=\"wc-block-grid__product-link\">\n\t\t\t\t\t<div class=\"wc-block-grid__product-image\"><img width=\"300\" height=\"300\" src=\"https:\/\/moncoachminceur.fr\/wp-content\/uploads\/2021\/06\/tour-de-taille-324x324.jpeg\" class=\"attachment-woocommerce_thumbnail size-woocommerce_thumbnail\" alt=\"mon coach minceur alizea coaching minceur alimentation saine fitness phtytoth\u00e9rapie\" loading=\"lazy\" srcset=\"https:\/\/moncoachminceur.fr\/wp-content\/uploads\/2021\/06\/tour-de-taille-324x324.jpeg 324w, https:\/\/moncoachminceur.fr\/wp-content\/uploads\/2021\/06\/tour-de-taille-150x150.jpeg 150w, https:\/\/moncoachminceur.fr\/wp-content\/uploads\/2021\/06\/tour-de-taille-100x100.jpeg 100w, https:\/\/moncoachminceur.fr\/wp-content\/uploads\/2021\/06\/tour-de-taille-250x250.jpeg 250w\" sizes=\"(max-width: 300px) 100vw, 300px\" \/><\/div>\n\t\t\t\t\t<div class=\"wc-block-grid__product-title\">Coaching  personnalis\u00e9 &#8211; Formule premium<\/div>\n\t\t\t\t<\/a>\n\t\t\t\t\n\t\t\t\t<div class=\"wc-block-grid__product-price price\"><span class=\"woocommerce-Price-amount amount\">110,00<span class=\"woocommerce-Price-currencySymbol\">&euro;<\/span><\/span><\/div>\n\t\t\t\t\n\t\t\t\t<div class=\"wp-block-button wc-block-grid__product-add-to-cart\"><a href=\"?add-to-cart=74\" aria-label=\"Add &ldquo;Coaching  personnalis\u00e9 - Formule premium&rdquo; to your cart\" data-quantity=\"1\" data-product_id=\"74\" data-product_sku=\"woo-long-sleeve-tee-1-1\" rel=\"nofollow\" class=\"wp-block-button__link add_to_cart_button ajax_add_to_cart\">Add to cart<\/a><\/div>\n\t\t\t<\/li><li class=\"wc-block-grid__product\">\n\t\t\t\t<a href=\"https:\/\/moncoachminceur.fr\/?product=long-sleeve-tee\" class=\"wc-block-grid__product-link\">\n\t\t\t\t\t<div class=\"wc-block-grid__product-image\"><img width=\"300\" height=\"300\" src=\"https:\/\/moncoachminceur.fr\/wp-content\/uploads\/2021\/06\/coaching-minceur-a-distance-324x324.jpg\" class=\"attachment-woocommerce_thumbnail size-woocommerce_thumbnail\" alt=\"mon coach minceur alizea coaching minceur alimentation saine fitness phtytoth\u00e9rapie\" loading=\"lazy\" srcset=\"https:\/\/moncoachminceur.fr\/wp-content\/uploads\/2021\/06\/coaching-minceur-a-distance-324x324.jpg 324w, https:\/\/moncoachminceur.fr\/wp-content\/uploads\/2021\/06\/coaching-minceur-a-distance-150x150.jpg 150w, https:\/\/moncoachminceur.fr\/wp-content\/uploads\/2021\/06\/coaching-minceur-a-distance-100x100.jpg 100w, https:\/\/moncoachminceur.fr\/wp-content\/uploads\/2021\/06\/coaching-minceur-a-distance-250x250.jpg 250w\" sizes=\"(max-width: 300px) 100vw, 300px\" \/><\/div>\n\t\t\t\t\t<div class=\"wc-block-grid__product-title\">Coaching \u00e0 distance personnalis\u00e9<\/div>\n\t\t\t\t<\/a>\n\t\t\t\t<div class=\"wc-block-grid__product-onsale\">\n\t\t\t<span aria-hidden=\"true\">Sale<\/span>\n\t\t\t<span class=\"screen-reader-text\">Product on sale<\/span>\n\t\t<\/div>\n\t\t\t\t<div class=\"wc-block-grid__product-price price\"><del aria-hidden=\"true\"><span class=\"woocommerce-Price-amount amount\">110,00<span class=\"woocommerce-Price-currencySymbol\">&euro;<\/span><\/span><\/del> <ins><span class=\"woocommerce-Price-amount amount\">80,00<span class=\"woocommerce-Price-currencySymbol\">&euro;<\/span><\/span><\/ins><\/div>\n\t\t\t\t\n\t\t\t\t<div class=\"wp-block-button wc-block-grid__product-add-to-cart\"><a href=\"?add-to-cart=20\" aria-label=\"Add &ldquo;Coaching \u00e0 distance personnalis\u00e9&rdquo; to your cart\" data-quantity=\"1\" data-product_id=\"20\" data-product_sku=\"woo-long-sleeve-tee\" rel=\"nofollow\" class=\"wp-block-button__link add_to_cart_button ajax_add_to_cart\">Add to cart<\/a><\/div>\n\t\t\t<\/li><\/ul><\/div>","protected":false},"excerpt":{"rendered":"<p>Achat par cat\u00e9gorie Nouveaut\u00e9s En promotion Meilleurs produits<\/p>\n","protected":false},"author":1,"featured_media":57,"parent":0,"menu_order":0,"comment_status":"closed","ping_status":"closed","template":"","meta":[],"_links":{"self":[{"href":"https:\/\/moncoachminceur.fr\/index.php?rest_route=\/wp\/v2\/pages\/53"}],"collection":[{"href":"https:\/\/moncoachminceur.fr\/index.php?rest_route=\/wp\/v2\/pages"}],"about":[{"href":"https:\/\/moncoachminceur.fr\/index.php?rest_route=\/wp\/v2\/types\/page"}],"author":[{"embeddable":true,"href":"https:\/\/moncoachminceur.fr\/index.php?rest_route=\/wp\/v2\/users\/1"}],"replies":[{"embeddable":true,"href":"https:\/\/moncoachminceur.fr\/index.php?rest_route=%2Fwp%2Fv2%2Fcomments&post=53"}],"version-history":[{"count":5,"href":"https:\/\/moncoachminceur.fr\/index.php?rest_route=\/wp\/v2\/pages\/53\/revisions"}],"predecessor-version":[{"id":112,"href":"https:\/\/moncoachminceur.fr\/index.php?rest_route=\/wp\/v2\/pages\/53\/revisions\/112"}],"wp:featuredmedia":[{"embeddable":true,"href":"https:\/\/moncoachminceur.fr\/index.php?rest_route=\/wp\/v2\/media\/57"}],"wp:attachment":[{"href":"https:\/\/moncoachminceur.fr\/index.php?rest_route=%2Fwp%2Fv2%2Fmedia&parent=53"}],"curies":[{"name":"wp","href":"https:\/\/api.w.org\/{rel}","templated":true}]}}